{"id":11546,"date":"2023-12-13T21:22:25","date_gmt":"2023-12-13T18:22:25","guid":{"rendered":"https:\/\/sodaclaw.com\/?page_id=11546"},"modified":"2025-01-03T12:51:48","modified_gmt":"2025-01-03T09:51:48","slug":"yagmur-koc","status":"publish","type":"page","link":"https:\/\/sodaclaw.com\/index.php\/yagmur-koc\/","title":{"rendered":"Ya\u011fmur Ko\u00e7"},"content":{"rendered":"\t\t<div data-elementor-type=\"wp-page\" data-elementor-id=\"11546\" class=\"elementor elementor-11546\">\n\t\t\t\t\t\t<section class=\"elementor-section elementor-top-section elementor-element elementor-element-418c0cf elementor-section-full_width elementor-reverse-mobile elementor-section-height-min-height elementor-section-height-default elementor-section-items-middle\" data-id=\"418c0cf\" data-element_type=\"section\" data-e-type=\"section\" data-settings=\"{&quot;background_background&quot;:&quot;classic&quot;}\">\n\t\t\t\t\t\t<div class=\"elementor-container elementor-column-gap-no\">\n\t\t\t\t\t<div class=\"elementor-column elementor-col-100 elementor-top-column elementor-element elementor-element-b63dc00\" data-id=\"b63dc00\" data-element_type=\"column\" data-e-type=\"column\">\n\t\t\t<div class=\"elementor-widget-wrap elementor-element-populated\">\n\t\t\t\t\t\t<div class=\"elementor-element elementor-element-f2e5bee elementor-widget elementor-widget-leroux_core_section_title\" data-id=\"f2e5bee\" data-element_type=\"widget\" data-e-type=\"widget\" data-widget_type=\"leroux_core_section_title.default\">\n\t\t\t\t<div class=\"elementor-widget-container\">\n\t\t\t\t\t<div class=\"qodef-shortcode qodef-m  qodef-section-title qodef-alignment--center \">\n\t\t<h1 class=\"qodef-m-title\" style=\"color: #FFFFFF\">\n\t\t\t\t\tYa\u011fmur Ko\u00e7\t\t\t<\/h1>\n\t\t<p class=\"qodef-m-text\" style=\"color: #FFFFFF\">Avukat<\/p>\n<\/div>\n\t\t\t\t<\/div>\n\t\t\t\t<\/div>\n\t\t\t\t\t<\/div>\n\t\t<\/div>\n\t\t\t\t\t<\/div>\n\t\t<\/section>\n\t\t\t\t<section class=\"elementor-section elementor-top-section elementor-element elementor-element-73d1c9a elementor-section-full_width qodef-elementor-content-grid elementor-section-height-default elementor-section-height-default\" data-id=\"73d1c9a\" data-element_type=\"section\" data-e-type=\"section\">\n\t\t\t\t\t\t<div class=\"elementor-container elementor-column-gap-no\">\n\t\t\t\t\t<div class=\"elementor-column elementor-col-100 elementor-top-column elementor-element elementor-element-31985ad\" data-id=\"31985ad\" data-element_type=\"column\" data-e-type=\"column\">\n\t\t\t<div class=\"elementor-widget-wrap elementor-element-populated\">\n\t\t\t\t\t\t<div class=\"elementor-element elementor-element-8e164c4 elementor-widget elementor-widget-text-editor\" data-id=\"8e164c4\" data-element_type=\"widget\" data-e-type=\"widget\" data-widget_type=\"text-editor.default\">\n\t\t\t\t<div class=\"elementor-widget-container\">\n\t\t\t\t\t\t\t\t\t<p>Nicolae Titulescu \u00dcniversitesi Hukuk Fak\u00fcltesi\u2019nden 2021 y\u0131l\u0131nda mezun olmu\u015ftur. Denkli\u011fini \u0130stanbul \u00fcniversitesi\u2019nde tamamlam\u0131\u015f, mezuniyetinin ard\u0131ndan Sodac Acar Hukuk B\u00fcrosu\u2019nda avukatl\u0131k staj\u0131na ba\u015flam\u0131\u015ft\u0131r.<\/p><p>Lisans e\u011fitimi s\u0131ras\u0131nda kat\u0131lm\u0131\u015f oldu\u011fu de\u011fi\u015fim program\u0131yla Deusto \u00dcniversitesi\u2019nde Avrupa Birli\u011fi ve Uluslararas\u0131 Hukuku alan\u0131nda e\u011fitim g\u00f6rm\u00fc\u015ft\u00fcr.<\/p><p><b><br \/>Konu\u015ftu\u011fu Diller:\u00a0<\/b>Tu\u0308rk\u00e7e, \u0130ngilizce, Romence<br \/><b>E-posta: <\/b>yagmur@sodaclaw.com<br \/><b>Telefon:<\/b> +90 530 660 9170<\/p>\t\t\t\t\t\t\t\t<\/div>\n\t\t\t\t<\/div>\n\t\t\t\t\t<\/div>\n\t\t<\/div>\n\t\t\t\t\t<\/div>\n\t\t<\/section>\n\t\t\t\t<\/div>\n\t\t","protected":false},"excerpt":{"rendered":"<p>Ya\u011fmur Ko\u00e7 Avukat Nicolae Titulescu \u00dcniversitesi Hukuk Fak\u00fcltesi\u2019nden 2021 y\u0131l\u0131nda mezun olmu\u015ftur. Denkli\u011fini \u0130stanbul \u00fcniversitesi\u2019nde tamamlam\u0131\u015f, mezuniyetinin ard\u0131ndan Sodac Acar Hukuk B\u00fcrosu\u2019nda avukatl\u0131k staj\u0131na ba\u015flam\u0131\u015ft\u0131r. Lisans e\u011fitimi s\u0131ras\u0131nda kat\u0131lm\u0131\u015f oldu\u011fu de\u011fi\u015fim program\u0131yla Deusto \u00dcniversitesi\u2019nde Avrupa Birli\u011fi ve Uluslararas\u0131 Hukuku alan\u0131nda e\u011fitim g\u00f6rm\u00fc\u015ft\u00fcr. Konu\u015ftu\u011fu Diller:\u00a0Tu\u0308rk\u00e7e, \u0130ngilizce, RomenceE-posta: yagmur@sodaclaw.comTelefon: +90 530 660 9170<\/p>\n","protected":false},"author":1,"featured_media":0,"parent":0,"menu_order":0,"comment_status":"closed","ping_status":"closed","template":"page-full-width.php","meta":{"footnotes":""},"class_list":["post-11546","page","type-page","status-publish","hentry"],"_links":{"self":[{"href":"https:\/\/sodaclaw.com\/index.php\/wp-json\/wp\/v2\/pages\/11546","targetHints":{"allow":["GET"]}}],"collection":[{"href":"https:\/\/sodaclaw.com\/index.php\/wp-json\/wp\/v2\/pages"}],"about":[{"href":"https:\/\/sodaclaw.com\/index.php\/wp-json\/wp\/v2\/types\/page"}],"author":[{"embeddable":true,"href":"https:\/\/sodaclaw.com\/index.php\/wp-json\/wp\/v2\/users\/1"}],"replies":[{"embeddable":true,"href":"https:\/\/sodaclaw.com\/index.php\/wp-json\/wp\/v2\/comments?post=11546"}],"version-history":[{"count":15,"href":"https:\/\/sodaclaw.com\/index.php\/wp-json\/wp\/v2\/pages\/11546\/revisions"}],"predecessor-version":[{"id":12674,"href":"https:\/\/sodaclaw.com\/index.php\/wp-json\/wp\/v2\/pages\/11546\/revisions\/12674"}],"wp:attachment":[{"href":"https:\/\/sodaclaw.com\/index.php\/wp-json\/wp\/v2\/media?parent=11546"}],"curies":[{"name":"wp","href":"https:\/\/api.w.org\/{rel}","templated":true}]}}